{"id":2,"date":"2025-01-21T06:56:24","date_gmt":"2025-01-21T06:56:24","guid":{"rendered":"http:\/\/jqaxpch.cluster100.hosting.ovh.net\/?page_id=2"},"modified":"2025-02-07T14:57:16","modified_gmt":"2025-02-07T12:57:16","slug":"sample-page","status":"publish","type":"page","link":"https:\/\/mikkotukonen.fi\/index.php\/sample-page\/","title":{"rendered":"Mikko Tukosen tarina"},"content":{"rendered":"\r\n<div id=\"attachment_212\" style=\"width: 1180px\" class=\"wp-caption alignnone\"><img data-recalc-dims=\"1\" fetchpriority=\"high\" decoding=\"async\" aria-describedby=\"caption-attachment-212\" src=\"https:\/\/i0.wp.com\/mikkotukonen.fi\/wp-content\/uploads\/2025\/02\/suku.jpg?resize=750%2C422&#038;ssl=1\" alt=\"\" width=\"750\" height=\"422\" class=\"wp-image-212 size-full\" srcset=\"https:\/\/i0.wp.com\/mikkotukonen.fi\/wp-content\/uploads\/2025\/02\/suku.jpg?w=1170&amp;ssl=1 1170w, https:\/\/i0.wp.com\/mikkotukonen.fi\/wp-content\/uploads\/2025\/02\/suku.jpg?resize=300%2C169&amp;ssl=1 300w, https:\/\/i0.wp.com\/mikkotukonen.fi\/wp-content\/uploads\/2025\/02\/suku.jpg?resize=1024%2C576&amp;ssl=1 1024w, https:\/\/i0.wp.com\/mikkotukonen.fi\/wp-content\/uploads\/2025\/02\/suku.jpg?resize=768%2C432&amp;ssl=1 768w\" sizes=\"(max-width: 750px) 100vw, 750px\" \/><p id=\"caption-attachment-212\" class=\"wp-caption-text\">Mikko vauvana Kaija \u00e4idin syliss\u00e4 ja is\u00e4 Maunon syliss\u00e4 isoveli Jukka.<\/p><\/div>\r\n<p>Olen eloisa ja harkitseva seniorikansalainen Heinolasta. Is\u00e4ni sukujuuret ulottuvat satojen vuosien taakse Artj\u00e4rvelle, Villikkalan j\u00e4rven l\u00e4heisyyteen. \u00c4itini on syntyj\u00e4\u00e4n Haapaj\u00e4rvelt\u00e4, Etel\u00e4-Karjalasta, l\u00e4hell\u00e4 Lappeenrantaa. \u00c4idilt\u00e4ni olen varmaan perinyt eloisan ja puheliaan luonteen. Synnyin Hyvink\u00e4\u00e4ll\u00e4 vuonna 1958, ja asuimme Kyt\u00e4j\u00e4ll\u00e4. Maalla oli hyv\u00e4 asua ja urheilla. Kyl\u00e4n rauhan rikkoi toukokuussa 1972 tapahtunut kolmoismurha, joka j\u00e4rkytti koko kyl\u00e4\u00e4. Tekij\u00e4ksi paljastui Kyt\u00e4j\u00e4n kartanon omistaja, Kai V\u00e4h\u00e4kallio.<br \/>Muutimme maalta Hyvink\u00e4\u00e4n &#8221;cityyn&#8221; vuonna 1973, ja k\u00e4vin oppikouluni ylioppilaaksi asti Hyvink\u00e4\u00e4n yhteiskoulussa.<\/p>\r\n\r\n\r\n\r\n<p><strong>Voimailu ja muutto Ruotsiin<\/strong><\/p>\r\n\r\n\r\n\r\n<p>Voimailu tuli nuorena t\u00e4rke\u00e4ksi harrastuksekseni, ja vietin kaiken vapaa-aikani lihaksia kasvatellen. Kilpailin useita vuosia kehonrakennuksessa 1980-luvulla. Voimailusta tuli merkitt\u00e4v\u00e4 osa omaa identiteetti\u00e4ni. K\u00e4vin armeijan merivoimissa Upinniemess\u00e4, ja muutin Ruotsiin vuonna 1978, jossa asuin vuoteen 1982 saakka. <span>Talvella 1982 matkustin Kaliforniaan 3 kuukauden ajaksi voimailemaan ja yleens\u00e4 n\u00e4kem\u00e4\u00e4n maailmaa. <\/span><\/p>\r\n<p><span>Siell\u00e4 ollessani syntyi ajatus \u201dminusta tulee yritt\u00e4j\u00e4\u201d<\/span>. Siell\u00e4 tapasin ensimm\u00e4ist\u00e4 kertaa Arnold Schwarzeneggerin, joka antoi minulle lyhyiss\u00e4 keskusteluissa arvokkaita vinkkej\u00e4. Ajatus yritt\u00e4jyydest\u00e4 alkoi it\u00e4\u00e4 tuolloin.<\/p>\r\n\r\n\r\n\r\n<p><strong>Muutto Suomeen<\/strong><\/p>\r\n\r\n\r\n\r\n<p>Muutto Ruotsista Suomeen oli alun perin vain v\u00e4livaihe, mutta l\u00f6ysin itseni opiskelemasta markkinointia ja myynti\u00e4 nelj\u00e4n vuoden ajan, ja siit\u00e4 tuli ammattini. Perustin ensimm\u00e4isi\u00e4 yrityksi\u00e4ni vuonna 1985 . <span>80-luvun nousukauden aikana yritykset menestyiv\u00e4t erinomaisesti ja se tiesi my\u00f6s taloudellisia onnistumisia.<\/span> Vuonna 1992, kes\u00e4ll\u00e4, olin kuitenkin tiukassa taloudellisessa tilanteessa valuuttalainojen ja taantuman seurauksena, mik\u00e4 johti konkurssiin. Kaikki meni.<\/p>\r\n<p><img data-recalc-dims=\"1\" decoding=\"async\" src=\"https:\/\/i0.wp.com\/mikkotukonen.fi\/wp-content\/uploads\/2025\/02\/mikkogladiaattori.jpg?resize=750%2C563&#038;ssl=1\" alt=\"\" width=\"750\" height=\"563\" class=\"alignnone size-full wp-image-258\" srcset=\"https:\/\/i0.wp.com\/mikkotukonen.fi\/wp-content\/uploads\/2025\/02\/mikkogladiaattori.jpg?w=1200&amp;ssl=1 1200w, https:\/\/i0.wp.com\/mikkotukonen.fi\/wp-content\/uploads\/2025\/02\/mikkogladiaattori.jpg?resize=300%2C225&amp;ssl=1 300w, https:\/\/i0.wp.com\/mikkotukonen.fi\/wp-content\/uploads\/2025\/02\/mikkogladiaattori.jpg?resize=1024%2C768&amp;ssl=1 1024w, https:\/\/i0.wp.com\/mikkotukonen.fi\/wp-content\/uploads\/2025\/02\/mikkogladiaattori.jpg?resize=768%2C576&amp;ssl=1 768w\" sizes=\"(max-width: 750px) 100vw, 750px\" \/><\/p>\r\n\r\n\r\n\r\n<p>Sain kuitenkin ker\u00e4tty\u00e4 itseni seuraavina vuosina, pitk\u00e4lti sen vuoksi, ett\u00e4 minut valittiin TV-formaattiin <em>Gladiaattorit<\/em>. Terminaattorina jaksoin tehd\u00e4 t\u00f6it\u00e4 aamusta iltaan, ja tuo miljoonayleis\u00f6n ker\u00e4nnyt sarja nosti itsetuntoni takaisin normaalille tasolle.<br \/>Vuoteen 2002 menness\u00e4 p\u00f6yt\u00e4 oli taas puhdas, olin maksanut kaikki konkurssivelat. Hieman ennen sit\u00e4 olin jo aloittanut yrityskonsultin ja valmentajan ty\u00f6t, joita jatkoin l\u00e4hes 25 vuotta. <span>Nyky\u00e4\u00e4n otan konsultin tai yritysvalmentajan teht\u00e4vi\u00e4 osa-aikaisesti sopivassa m\u00e4\u00e4rin vastaan.<\/span><\/p>\r\n<p><img data-recalc-dims=\"1\" decoding=\"async\" src=\"https:\/\/i0.wp.com\/mikkotukonen.fi\/wp-content\/uploads\/2025\/02\/mikkopuhuu.jpg?resize=750%2C501&#038;ssl=1\" alt=\"\" width=\"750\" height=\"501\" class=\"alignnone size-full wp-image-211\" srcset=\"https:\/\/i0.wp.com\/mikkotukonen.fi\/wp-content\/uploads\/2025\/02\/mikkopuhuu.jpg?w=1170&amp;ssl=1 1170w, https:\/\/i0.wp.com\/mikkotukonen.fi\/wp-content\/uploads\/2025\/02\/mikkopuhuu.jpg?resize=300%2C200&amp;ssl=1 300w, https:\/\/i0.wp.com\/mikkotukonen.fi\/wp-content\/uploads\/2025\/02\/mikkopuhuu.jpg?resize=1024%2C684&amp;ssl=1 1024w, https:\/\/i0.wp.com\/mikkotukonen.fi\/wp-content\/uploads\/2025\/02\/mikkopuhuu.jpg?resize=768%2C513&amp;ssl=1 768w, https:\/\/i0.wp.com\/mikkotukonen.fi\/wp-content\/uploads\/2025\/02\/mikkopuhuu.jpg?resize=360%2C240&amp;ssl=1 360w\" sizes=\"(max-width: 750px) 100vw, 750px\" \/><\/p>\r\n\r\n\r\n\r\n<p><strong>BNI ja metsurity\u00f6t<\/strong><\/p>\r\n\r\n\r\n\r\n<p>Olin pitk\u00e4\u00e4n mukana BNI:n operatiivisessa johtoteht\u00e4v\u00e4ss\u00e4 vuosina 2012\u20132022. Se oli vastuullisin ja samalla opettavaisin ty\u00f6ni. El\u00e4kep\u00e4iv\u00e4ni alkoivat hieman yli kaksi vuotta sitten, mutta jatkan edelleen yritt\u00e4j\u00e4n\u00e4. Kouluttauduin my\u00f6s mets\u00e4alalle ja sain metsurin paperit Hyrialta. Mets\u00e4ty\u00f6t ovat mukava lis\u00e4ty\u00f6 ja tuovat el\u00e4kep\u00e4iviin lis\u00e4tuloa.<\/p>\r\n\r\n\r\n\r\n<blockquote class=\"wp-block-quote is-layout-flow wp-block-quote-is-layout-flow\">\r\n<p><strong>Mik\u00e4 on BNI?<\/strong><\/p>\r\n\r\n\r\n\r\n<p>BNI on maailman suurin ja tehokkain henkil\u00f6kohtaisten bisnessuositusten v\u00e4litt\u00e4j\u00e4organisaatio, jolla on yli 11 100 ryhm\u00e4\u00e4 ja yli 320 000 j\u00e4sent\u00e4 ymp\u00e4ri maailmaa. Ryhmiin kuuluu yritysten omistajia, myyji\u00e4 ja markkinointihenkil\u00f6it\u00e4.<\/p>\r\n<\/blockquote>\r\n\r\n\r\n\r\n<div id=\"attachment_45\" style=\"width: 760px\" class=\"wp-caption aligncenter\"><img data-recalc-dims=\"1\" loading=\"lazy\" decoding=\"async\" aria-describedby=\"caption-attachment-45\" src=\"https:\/\/i0.wp.com\/mikkotukonen.fi\/wp-content\/uploads\/2025\/02\/Mikko_jere_WWW.jpg?resize=750%2C422&#038;ssl=1\" alt=\"\" width=\"750\" height=\"422\" class=\"wp-image-45 size-large\" srcset=\"https:\/\/i0.wp.com\/mikkotukonen.fi\/wp-content\/uploads\/2025\/02\/Mikko_jere_WWW.jpg?resize=1024%2C576&amp;ssl=1 1024w, https:\/\/i0.wp.com\/mikkotukonen.fi\/wp-content\/uploads\/2025\/02\/Mikko_jere_WWW.jpg?resize=300%2C169&amp;ssl=1 300w, https:\/\/i0.wp.com\/mikkotukonen.fi\/wp-content\/uploads\/2025\/02\/Mikko_jere_WWW.jpg?resize=768%2C432&amp;ssl=1 768w, https:\/\/i0.wp.com\/mikkotukonen.fi\/wp-content\/uploads\/2025\/02\/Mikko_jere_WWW.jpg?resize=1536%2C864&amp;ssl=1 1536w, https:\/\/i0.wp.com\/mikkotukonen.fi\/wp-content\/uploads\/2025\/02\/Mikko_jere_WWW.jpg?w=1920&amp;ssl=1 1920w\" sizes=\"(max-width: 750px) 100vw, 750px\" \/><p id=\"caption-attachment-45\" class=\"wp-caption-text\">\u201dTapasin Kippiksen \u201dmoottorin\u201d Jere Pohjankosken BNI merkeiss\u00e4 \u2013 iloinen kohtaaminen.<\/p><\/div>\r\n<p><strong>Analyysi\u00e4<\/strong><\/p>\r\n\r\n\r\n\r\n<p>Katsoessani taaksep\u00e4in, minulle on tarjottu monia eri mahdollisuuksia, ja olen tarttunut niihin. Tutkin faktat ja luotan vaistooni. En pelk\u00e4\u00e4 hyp\u00e4t\u00e4 haastaviin tilanteisiin. T\u00e4m\u00e4 on my\u00f6s syy, miksi olen ehdolla Heinolan kaupungin valtuustoon.<\/p>\r\n\r\n\r\n\r\n<p>Minua on varoitettu, ett\u00e4 &#8221;politiikka on likaista peli\u00e4&#8221;, &#8221;ei sulla siin\u00e4 hermot kest\u00e4&#8221; ja &#8221;kohta sua puukotetaan selk\u00e4\u00e4n&#8221;. Niin tai n\u00e4in, p\u00e4\u00e4t\u00f6s on tehty. Yst\u00e4v\u00e4ni kansanedustaja Teemu Kinnari kannusti minua t\u00e4h\u00e4n p\u00e4\u00e4t\u00f6kseen, ja l\u00e4heinen yst\u00e4v\u00e4ni Marko Latvanen lupasi tukea minua kampanjassa. Kiitos heille!<\/p>\r\n<p><img data-recalc-dims=\"1\" loading=\"lazy\" decoding=\"async\" src=\"https:\/\/i0.wp.com\/mikkotukonen.fi\/wp-content\/uploads\/2025\/02\/voimailu.jpg?resize=750%2C422&#038;ssl=1\" alt=\"\" width=\"750\" height=\"422\" class=\"alignnone size-full wp-image-259\" srcset=\"https:\/\/i0.wp.com\/mikkotukonen.fi\/wp-content\/uploads\/2025\/02\/voimailu.jpg?w=1170&amp;ssl=1 1170w, https:\/\/i0.wp.com\/mikkotukonen.fi\/wp-content\/uploads\/2025\/02\/voimailu.jpg?resize=300%2C169&amp;ssl=1 300w, https:\/\/i0.wp.com\/mikkotukonen.fi\/wp-content\/uploads\/2025\/02\/voimailu.jpg?resize=1024%2C576&amp;ssl=1 1024w, https:\/\/i0.wp.com\/mikkotukonen.fi\/wp-content\/uploads\/2025\/02\/voimailu.jpg?resize=768%2C432&amp;ssl=1 768w\" sizes=\"(max-width: 750px) 100vw, 750px\" \/><\/p>\r\n\r\n\r\n\r\n<p><strong>Perhe on t\u00e4rkein<\/strong><\/p>\r\n\r\n\r\n\r\n<p>Tapasin vaimoni Pipan kev\u00e4\u00e4ll\u00e4 1984. Meille on siunaantunut kaksi ihanaa lasta: vanhempi, Tomas, on jo itse is\u00e4, joten saan nyky\u00e4\u00e4n nukkua mummin vieress\u00e4. Janette syntyi 2001, ja h\u00e4n on kauppatieteilij\u00e4 Tampereella. Janette sai erinomaiset ev\u00e4\u00e4t jo Heinolan p\u00e4iv\u00e4kodista ja kouluista. Perhe on parasta, mit\u00e4 olen koskaan saanut tai ansainnut. Maalaispoikana Heinolassa on hyv\u00e4 asua, ja t\u00e4nne \u2013 mahdollisesti Ruotsalaiseen \u2013 on \u201dankkuri\u201d heitetty pohjaan.<\/p>\r\n\r\n\r\n\r\n<p>Siksi: <strong>Pieni kaupunki \u2013 iso el\u00e4m\u00e4!<\/strong><\/p>\r\n","protected":false},"excerpt":{"rendered":"<p>Olen eloisa ja harkitseva seniorikansalainen Heinolasta. Is\u00e4ni sukujuuret ulottuvat satojen vuosien taakse Artj\u00e4rvelle, Villikkalan j\u00e4rven l\u00e4heisyyteen. \u00c4itini on syntyj\u00e4\u00e4n Haapaj\u00e4rvelt\u00e4, Etel\u00e4-Karjalasta, l\u00e4hell\u00e4 Lappeenrantaa. \u00c4idilt\u00e4ni olen varmaan perinyt eloisan ja puheliaan luonteen. Synnyin Hyvink\u00e4\u00e4ll\u00e4 vuonna 1958, ja asuimme Kyt\u00e4j\u00e4ll\u00e4. Maalla oli hyv\u00e4 asua ja urheilla. Kyl\u00e4n rauhan rikkoi toukokuussa 1972 tapahtunut [&hellip;]<\/p>\n","protected":false},"author":1,"featured_media":44,"parent":0,"menu_order":0,"comment_status":"closed","ping_status":"open","template":"","meta":{"footnotes":""},"class_list":["post-2","page","type-page","status-publish","has-post-thumbnail","hentry"],"jetpack_sharing_enabled":true,"_links":{"self":[{"href":"https:\/\/mikkotukonen.fi\/index.php\/wp-json\/wp\/v2\/pages\/2","targetHints":{"allow":["GET"]}}],"collection":[{"href":"https:\/\/mikkotukonen.fi\/index.php\/wp-json\/wp\/v2\/pages"}],"about":[{"href":"https:\/\/mikkotukonen.fi\/index.php\/wp-json\/wp\/v2\/types\/page"}],"author":[{"embeddable":true,"href":"https:\/\/mikkotukonen.fi\/index.php\/wp-json\/wp\/v2\/users\/1"}],"replies":[{"embeddable":true,"href":"https:\/\/mikkotukonen.fi\/index.php\/wp-json\/wp\/v2\/comments?post=2"}],"version-history":[{"count":9,"href":"https:\/\/mikkotukonen.fi\/index.php\/wp-json\/wp\/v2\/pages\/2\/revisions"}],"predecessor-version":[{"id":283,"href":"https:\/\/mikkotukonen.fi\/index.php\/wp-json\/wp\/v2\/pages\/2\/revisions\/283"}],"wp:featuredmedia":[{"embeddable":true,"href":"https:\/\/mikkotukonen.fi\/index.php\/wp-json\/wp\/v2\/media\/44"}],"wp:attachment":[{"href":"https:\/\/mikkotukonen.fi\/index.php\/wp-json\/wp\/v2\/media?parent=2"}],"curies":[{"name":"wp","href":"https:\/\/api.w.org\/{rel}","templated":true}]}}